{"id":7211,"date":"2014-12-26T08:43:11","date_gmt":"2014-12-26T08:43:11","guid":{"rendered":"http:\/\/www.casessingulars.cat\/?page_id=7211"},"modified":"2015-01-16T12:17:53","modified_gmt":"2015-01-16T12:17:53","slug":"emporda","status":"publish","type":"page","link":"https:\/\/www.casessingulars.cat\/ca\/emporda\/","title":{"rendered":"L&#8217;Empord\u00e0"},"content":{"rendered":"<p>[vc_row][vc_column width=&#8221;1\/1&#8243;][vc_single_image image=&#8221;7298&#8243; style=&#8221;rounded&#8221; visibility=&#8221;all&#8221;][vc_separator type=&#8221;line&#8221; size=&#8221;fullwidth&#8221; position=&#8221;center&#8221; thickness=&#8221;2&#8243; space_before=&#8221;20&#8243; space_after=&#8221;20&#8243; visibility=&#8221;all&#8221;][\/vc_column][\/vc_row][vc_row][vc_column width=&#8221;2\/3&#8243;][vc_column_text visibility=&#8221;all&#8221;]<\/p>\n<p style=\"text-align: justify;\">L\u2019Empord\u00e0, est\u00e0 format per les comarques de l\u2019Alt i Baix Empord\u00e0, i gaudeix d\u00b4una situaci\u00f3 privilegiada dins d&#8217;Europa. Les infraestructures existents (autopista AP-7, l\u00ednia ferrovi\u00e0ria, aeroport de Girona a uns 50 km ia uns 140 km de l&#8217;aeroport de Barcelona) estan molt a prop, el que facilita el seu acc\u00e9s. Causa de la seva situaci\u00f3 geogr\u00e0fica, l&#8217;Empord\u00e0 gaudeix d&#8217;un clima temperat, de manera que es pot gaudir de la zona durant tot l&#8217;any.<\/p>\n<p style=\"text-align: justify;\">Al litoral de l&#8217;Empord\u00e0, la Costa Brava, hi ha gran diversitat de platges i cales que destaquen per la seva bellesa natural: des de platges quilom\u00e8triques com a Pals o Sant Mart\u00ed d&#8217;Emp\u00faries, fins a les cales petites que trobes a Begur i Palafrugell , aix\u00ed com les m\u00e9s animades de Roses, Empuriabrava i l&#8217;Escala.<\/p>\n<h3 style=\"text-align: justify;\">Natura<\/h3>\n<p style=\"text-align: justify;\">L&#8217;Empord\u00e0 gaudeix d&#8217;una gran riquesa natural. La seva situaci\u00f3 i constituci\u00f3 fan que hi sobrevisquin una s\u00e8rie d&#8217;espais d&#8217;inter\u00e8s natural, protegits, caracter\u00edstics de les zones mediterr\u00e0nies: El Montgr\u00ed, les illes Medes, les muntanyes de les Gavarres, El Cap de Creus&#8230;<\/p>\n<h3 style=\"text-align: justify;\">Oci<\/h3>\n<p style=\"text-align: justify;\">Per gaudir de l&#8217;entorn, l&#8217;Empord\u00e0 ofereix multitud d&#8217;opcions per realitzar diferents activitats d&#8217;esport i lleure: senderisme, cicloturisme, bicicleta, esports aqu\u00e0tics i fins i tot activitats a\u00e8ries com pujar en globus; fires, mercats, etc &#8230; a destacar la qualitat dels seus camps de golf, Pals Golf Club, Empord\u00e0 Golf Resort Gualta, Peralada Golf Club, Costa Brava Golf Club&#8230;<\/p>\n<p style=\"text-align: justify;\">Per descobrir L&#8217;Empord\u00e0 res millor que con\u00e8ixer a Salvador Dal\u00ed ia la seva obra reconeguda internacionalment. El pintor empordan\u00e8s per excel\u00b7l\u00e8ncia va fer de L&#8217;Empord\u00e0 al punt de partida dels seus viatges al seu univers surrealista. Tamb\u00e9 han contribu\u00eft a donar a con\u00e8ixer la comarca el poeta Josep Pla o la bailaora Carmen Amaya.<\/p>\n<p style=\"text-align: justify;\">A la zona podrem descobrir a m\u00e9s del Museu Dal\u00ed, a Figueres, innombrables mostres d&#8217;art prehist\u00f2ric, rom\u00e0 i medieval, aix\u00ed com gaudir de les diverses festes i esdeveniments populars que es duen a terme en cada localitat. Les Ru\u00efnes d&#8217;Emp\u00faries, on encara es pot visitar el que queda d&#8217;una ciutat i factoria grega i una ciutat romana, s\u00f3n la mostra que ja els romans van escollir aquesta zona per assentar-se, per tot el que els oferia.<\/p>\n<p style=\"text-align: justify;\">Per als amants del joc al Casino Castell de Peralada, on a m\u00e9s podr\u00e0 descobrir els seus museus, les caves del celler del Castell de Peralada, amb gran tradici\u00f3 vin\u00edcola, ia l&#8217;estiu, el reconegut Festival Internacional de M\u00fasica, dedicat especialment a la l\u00edrica, que \u00e9s al costat del Festival de M\u00fasica de Cap Roig, a Calella de Palafrugell, els dos m\u00e9s importants esdeveniments musicals de la Costa Brava.<\/p>\n<p style=\"text-align: justify;\">I per a aquells que no vulguin renunciar a un dia de Shopping la zona comercial de Girona ofereix tot all\u00f2 que puguem imaginar ia menys d&#8217;una hora es troba el centre comercial La Roca Village, grans marques amb grans descomptes.<\/p>\n<h3 style=\"text-align: justify;\">Gastronomia<\/h3>\n<p style=\"text-align: justify;\">La gastronomia de l&#8217;Empord\u00e0, anomenada &#8220;cuina de mar i muntanya&#8221; \u00e9s una mostra evident de la generositat d&#8217;aquesta terra: el mar d\u00f3na l&#8217;excel\u00b7lent peix i marisc t\u00edpic dels plats de la costa; la plana, fruites i productes del camp i de l&#8217;horta, i la muntanya, les carns, els formatges i els productes silvestres. Durant l&#8217;any se celebren atractives campanyes gastron\u00f2miques en diferents localitats on poder degustar-los. Com a productes destacables tamb\u00e9 els vins amb Denominaci\u00f3 d&#8217;Origen Empord\u00e0, aix\u00ed com altres productes com les anxoves de l&#8217;Escala, brunyols de l&#8217;Empord\u00e0, l&#8217;arr\u00f2s de Pals, la gamba de Palam\u00f3s&#8230;<\/p>\n<p style=\"text-align: justify;\">La facilitat d&#8217;acc\u00e9s, la bellesa natural de l&#8217;entorn, el car\u00e0cter de la seva gent, les platges, l&#8217;important patrimoni hist\u00f2ric i cultural i l&#8217;ampli ventall d&#8217;activitats i serveis fan de les comarques de l&#8217;Alt i Baix Empord\u00e0 el lloc ideal per passar ja sigui un sol dia, unes llargues vacances o per quedar-se a viure tot l&#8217;any.<\/p>\n<h5 style=\"text-align: justify;\">Cases Singulars forma part de la plataforma Salvem l&#8217;Empord\u00e0.<\/h5>\n<h5 style=\"text-align: justify;\">Ara que ja coneixes alguna de les singularitats de l\u2019Empord\u00e0, mira les pr\u00f2pies de cada poble: <span style=\"color: #75b08a;\"><a style=\"color: #75b08a;\" title=\"Pals\" href=\"http:\/\/www.casessingulars.cat\/emporda\/pals\/\">Pals<\/a><\/span>, <span style=\"color: #75b08a;\"><a style=\"color: #75b08a;\" title=\"Palau Sator\" href=\"http:\/\/www.casessingulars.cat\/emporda\/palau-sator\/\">Palau-sator<\/a><\/span>, <span style=\"color: #75b08a;\"><a style=\"color: #75b08a;\" title=\"Bellcaire d\u2019Empord\u00e0\" href=\"http:\/\/www.casessingulars.cat\/emporda\/bellcaire-emporda\/\">Bellcaire d&#8217;Empord\u00e0<\/a><\/span> i <span style=\"color: #75b08a;\"><a style=\"color: #75b08a;\" title=\"Albons\" href=\"http:\/\/www.casessingulars.cat\/emporda\/albons\/\">Albons<\/a><\/span>.<\/h5>\n<p>[\/vc_column_text][vc_separator type=&#8221;line&#8221; size=&#8221;fullwidth&#8221; position=&#8221;center&#8221; thickness=&#8221;2&#8243; space_before=&#8221;20&#8243; space_after=&#8221;20&#8243; visibility=&#8221;all&#8221;][vc_single_image image=&#8221;7299&#8243; style=&#8221;rounded&#8221; visibility=&#8221;all&#8221;][\/vc_column][vc_column width=&#8221;1\/3&#8243;][vc_single_image image=&#8221;7300&#8243; style=&#8221;rounded&#8221; visibility=&#8221;all&#8221;]<hr  class=\"noo-gap\" style=\" margin: 46px 0 0 0;\">[vc_single_image image=&#8221;7301&#8243; style=&#8221;rounded&#8221; visibility=&#8221;all&#8221;]<hr  class=\"noo-gap\" style=\" margin: 46px 0 0 0;\">[vc_single_image image=&#8221;7302&#8243; style=&#8221;rounded&#8221; visibility=&#8221;all&#8221;][\/vc_column][\/vc_row]<\/p>\n","protected":false},"excerpt":{"rendered":"<p>[vc_row][vc_column width=&#8221;1\/1&#8243;][vc_single_image image=&#8221;7298&#8243; style=&#8221;rounded&#8221; visibility=&#8221;all&#8221;][vc_separator type=&#8221;line&#8221; size=&#8221;fullwidth&#8221; position=&#8221;center&#8221; thickness=&#8221;2&#8243; space_before=&#8221;20&#8243; space_after=&#8221;20&#8243; visibility=&#8221;all&#8221;][\/vc_column][\/vc_row][vc_row][vc_column width=&#8221;2\/3&#8243;][vc_column_text visibility=&#8221;all&#8221;] L\u2019Empord\u00e0, est\u00e0 format per les comarques de l\u2019Alt i Baix Empord\u00e0, i gaudeix d\u00b4una situaci\u00f3 privilegiada dins d&#8217;Europa. Les infraestructures existents (autopista AP-7, l\u00ednia ferrovi\u00e0ria, aeroport de Girona a uns 50 km ia uns 140 km de l&#8217;aeroport de Barcelona) estan molt a prop, el que&#8230;<\/p>\n<div><a href=\"https:\/\/www.casessingulars.cat\/ca\/emporda\/\" class=\"read-more\">Read More <i class=\"fa fa-arrow-circle-o-right\"><\/i><\/a><\/div>\n","protected":false},"author":1,"featured_media":0,"parent":0,"menu_order":0,"comment_status":"open","ping_status":"open","template":"","meta":{"footnotes":""},"class_list":["post-7211","page","type-page","status-publish","hentry","no-featured"],"aioseo_notices":[],"_links":{"self":[{"href":"https:\/\/www.casessingulars.cat\/ca\/wp-json\/wp\/v2\/pages\/7211","targetHints":{"allow":["GET"]}}],"collection":[{"href":"https:\/\/www.casessingulars.cat\/ca\/wp-json\/wp\/v2\/pages"}],"about":[{"href":"https:\/\/www.casessingulars.cat\/ca\/wp-json\/wp\/v2\/types\/page"}],"author":[{"embeddable":true,"href":"https:\/\/www.casessingulars.cat\/ca\/wp-json\/wp\/v2\/users\/1"}],"replies":[{"embeddable":true,"href":"https:\/\/www.casessingulars.cat\/ca\/wp-json\/wp\/v2\/comments?post=7211"}],"version-history":[{"count":0,"href":"https:\/\/www.casessingulars.cat\/ca\/wp-json\/wp\/v2\/pages\/7211\/revisions"}],"wp:attachment":[{"href":"https:\/\/www.casessingulars.cat\/ca\/wp-json\/wp\/v2\/media?parent=7211"}],"curies":[{"name":"wp","href":"https:\/\/api.w.org\/{rel}","templated":true}]}}

L&#8217;Empordà

<p>[vc_row][vc_column width=&#8221;1/1&#8243;][vc_single_image image=&#8221;7298&#8243; style=&#8221;rounded&#8221; visibility=&#8221;all&#8221;][vc_separator type=&#8221;line&#8221; size=&#8221;fullwidth&#8221; position=&#8221;center&#8221; thickness=&#8221;2&#8243; space_before=&#8221;20&#8243; space_after=&#8221;20&#8243; visibility=&#8221;all&#8221;][/vc_column][/vc_row][vc_row][vc_column width=&#8221;2/3&#8243;][vc_column_text visibility=&#8221;all&#8221;]</p>
<p style="text-align: justify;">L’Empordà, està format per les comarques de l’Alt i Baix Empordà, i gaudeix d´una situació privilegiada dins d&#8217;Europa. Les infraestructures existents (autopista AP-7, línia ferroviària, aeroport de Girona a uns 50 km ia uns 140 km de l&#8217;aeroport de Barcelona) estan molt a prop, el que facilita el seu accés. Causa de la seva situació geogràfica, l&#8217;Empordà gaudeix d&#8217;un clima temperat, de manera que es pot gaudir de la zona durant tot l&#8217;any.</p>
<p style="text-align: justify;">Al litoral de l&#8217;Empordà, la Costa Brava, hi ha gran diversitat de platges i cales que destaquen per la seva bellesa natural: des de platges quilomètriques com a Pals o Sant Martí d&#8217;Empúries, fins a les cales petites que trobes a Begur i Palafrugell , així com les més animades de Roses, Empuriabrava i l&#8217;Escala.</p>
<h3 style="text-align: justify;">Natura</h3>
<p style="text-align: justify;">L&#8217;Empordà gaudeix d&#8217;una gran riquesa natural. La seva situació i constitució fan que hi sobrevisquin una sèrie d&#8217;espais d&#8217;interès natural, protegits, característics de les zones mediterrànies: El Montgrí, les illes Medes, les muntanyes de les Gavarres, El Cap de Creus&#8230;</p>
<h3 style="text-align: justify;">Oci</h3>
<p style="text-align: justify;">Per gaudir de l&#8217;entorn, l&#8217;Empordà ofereix multitud d&#8217;opcions per realitzar diferents activitats d&#8217;esport i lleure: senderisme, cicloturisme, bicicleta, esports aquàtics i fins i tot activitats aèries com pujar en globus; fires, mercats, etc &#8230; a destacar la qualitat dels seus camps de golf, Pals Golf Club, Empordà Golf Resort Gualta, Peralada Golf Club, Costa Brava Golf Club&#8230;</p>
<p style="text-align: justify;">Per descobrir L&#8217;Empordà res millor que conèixer a Salvador Dalí ia la seva obra reconeguda internacionalment. El pintor empordanès per excel·lència va fer de L&#8217;Empordà al punt de partida dels seus viatges al seu univers surrealista. També han contribuït a donar a conèixer la comarca el poeta Josep Pla o la bailaora Carmen Amaya.</p>
<p style="text-align: justify;">A la zona podrem descobrir a més del Museu Dalí, a Figueres, innombrables mostres d&#8217;art prehistòric, romà i medieval, així com gaudir de les diverses festes i esdeveniments populars que es duen a terme en cada localitat. Les Ruïnes d&#8217;Empúries, on encara es pot visitar el que queda d&#8217;una ciutat i factoria grega i una ciutat romana, són la mostra que ja els romans van escollir aquesta zona per assentar-se, per tot el que els oferia.</p>
<p style="text-align: justify;">Per als amants del joc al Casino Castell de Peralada, on a més podrà descobrir els seus museus, les caves del celler del Castell de Peralada, amb gran tradició vinícola, ia l&#8217;estiu, el reconegut Festival Internacional de Música, dedicat especialment a la lírica, que és al costat del Festival de Música de Cap Roig, a Calella de Palafrugell, els dos més importants esdeveniments musicals de la Costa Brava.</p>
<p style="text-align: justify;">I per a aquells que no vulguin renunciar a un dia de Shopping la zona comercial de Girona ofereix tot allò que puguem imaginar ia menys d&#8217;una hora es troba el centre comercial La Roca Village, grans marques amb grans descomptes.</p>
<h3 style="text-align: justify;">Gastronomia</h3>
<p style="text-align: justify;">La gastronomia de l&#8217;Empordà, anomenada &#8220;cuina de mar i muntanya&#8221; és una mostra evident de la generositat d&#8217;aquesta terra: el mar dóna l&#8217;excel·lent peix i marisc típic dels plats de la costa; la plana, fruites i productes del camp i de l&#8217;horta, i la muntanya, les carns, els formatges i els productes silvestres. Durant l&#8217;any se celebren atractives campanyes gastronòmiques en diferents localitats on poder degustar-los. Com a productes destacables també els vins amb Denominació d&#8217;Origen Empordà, així com altres productes com les anxoves de l&#8217;Escala, brunyols de l&#8217;Empordà, l&#8217;arròs de Pals, la gamba de Palamós&#8230;</p>
<p style="text-align: justify;">La facilitat d&#8217;accés, la bellesa natural de l&#8217;entorn, el caràcter de la seva gent, les platges, l&#8217;important patrimoni històric i cultural i l&#8217;ampli ventall d&#8217;activitats i serveis fan de les comarques de l&#8217;Alt i Baix Empordà el lloc ideal per passar ja sigui un sol dia, unes llargues vacances o per quedar-se a viure tot l&#8217;any.</p>
<h5 style="text-align: justify;">Cases Singulars forma part de la plataforma Salvem l&#8217;Empordà.</h5>
<h5 style="text-align: justify;">Ara que ja coneixes alguna de les singularitats de l’Empordà, mira les pròpies de cada poble: <span style="color: #75b08a;"><a style="color: #75b08a;" title="Pals" href="http://www.casessingulars.cat/emporda/pals/">Pals</a></span>, <span style="color: #75b08a;"><a style="color: #75b08a;" title="Palau Sator" href="http://www.casessingulars.cat/emporda/palau-sator/">Palau-sator</a></span>, <span style="color: #75b08a;"><a style="color: #75b08a;" title="Bellcaire d’Empordà" href="http://www.casessingulars.cat/emporda/bellcaire-emporda/">Bellcaire d&#8217;Empordà</a></span> i <span style="color: #75b08a;"><a style="color: #75b08a;" title="Albons" href="http://www.casessingulars.cat/emporda/albons/">Albons</a></span>.</h5>
<p>[/vc_column_text][vc_separator type=&#8221;line&#8221; size=&#8221;fullwidth&#8221; position=&#8221;center&#8221; thickness=&#8221;2&#8243; space_before=&#8221;20&#8243; space_after=&#8221;20&#8243; visibility=&#8221;all&#8221;][vc_single_image image=&#8221;7299&#8243; style=&#8221;rounded&#8221; visibility=&#8221;all&#8221;][/vc_column][vc_column width=&#8221;1/3&#8243;][vc_single_image image=&#8221;7300&#8243; style=&#8221;rounded&#8221; visibility=&#8221;all&#8221;]<hr  class="noo-gap" style=" margin: 46px 0 0 0;">[vc_single_image image=&#8221;7301&#8243; style=&#8221;rounded&#8221; visibility=&#8221;all&#8221;]<hr  class="noo-gap" style=" margin: 46px 0 0 0;">[vc_single_image image=&#8221;7302&#8243; style=&#8221;rounded&#8221; visibility=&#8221;all&#8221;][/vc_column][/vc_row]</p>

<p>[vc_row][vc_column width=&#8221;1/1&#8243;][vc_single_image image=&#8221;7298&#8243; style=&#8221;rounded&#8221; visibility=&#8221;all&#8221;][vc_separator type=&#8221;line&#8221; size=&#8221;fullwidth&#8221; position=&#8221;center&#8221; thickness=&#8221;2&#8243; space_before=&#8221;20&#8243; space_after=&#8221;20&#8243; visibility=&#8221;all&#8221;][/vc_column][/vc_row][vc_row][vc_column width=&#8221;2/3&#8243;][vc_column_text visibility=&#8221;all&#8221;] L’Empordà, està format per les comarques de l’Alt i Baix Empordà, i gaudeix d´una situació privilegiada dins d&#8217;Europa. Les infraestructures existents (autopista AP-7, línia ferroviària, aeroport de Girona a uns 50 km ia uns 140 km de l&#8217;aeroport de Barcelona) estan molt a prop, el que&#8230;</p>
<div><a href="https://www.casessingulars.cat/ca/emporda/" class="read-more">Read More <i class="fa fa-arrow-circle-o-right"></i></a></div>
